{"id":3,"date":"2023-01-25T12:32:10","date_gmt":"2023-01-25T12:32:10","guid":{"rendered":"https:\/\/www.mundogestioncee.com\/?page_id=3"},"modified":"2026-03-02T12:02:06","modified_gmt":"2026-03-02T12:02:06","slug":"politica-calidad","status":"publish","type":"page","link":"https:\/\/www.mundogestioncee.com\/index.php\/politica-calidad\/","title":{"rendered":"Pol\u00edtica de Calidad"},"content":{"rendered":"\t\t<div data-elementor-type=\"wp-page\" data-elementor-id=\"3\" class=\"elementor elementor-3\" data-elementor-post-type=\"page\">\n\t\t\t\t\t\t<section class=\"elementor-section elementor-top-section elementor-element elementor-element-5be3c82e elementor-section-boxed elementor-section-height-default elementor-section-height-default\" data-id=\"5be3c82e\" data-element_type=\"section\" data-e-type=\"section\">\n\t\t\t\t\t\t<div class=\"elementor-container elementor-column-gap-default\">\n\t\t\t\t\t<div class=\"elementor-column elementor-col-100 elementor-top-column elementor-element elementor-element-2a47392b\" data-id=\"2a47392b\" data-element_type=\"column\" data-e-type=\"column\">\n\t\t\t<div class=\"elementor-widget-wrap elementor-element-populated\">\n\t\t\t\t\t\t<div class=\"elementor-element elementor-element-27c78546 elementor-widget elementor-widget-text-editor\" data-id=\"27c78546\" data-element_type=\"widget\" data-e-type=\"widget\" data-widget_type=\"text-editor.default\">\n\t\t\t\t<div class=\"elementor-widget-container\">\n\t\t\t\t\t\t\t\t\t\n<h3 class=\"wp-block-heading\"><strong>POL\u00cdTICA DE CALIDAD, MEDIO AMBIENTE Y SEGURIDAD Y SALUD EN EL TRABAJO MUNDO GESTI\u00d3N DE SERVICIOS INTEGRADOS CEE, S.L.<\/strong><\/h3>\n<p>La direcci\u00f3n de MUNDO GESTION DE SERVICIOS INTEGRADOS CEE, S.L., empresa dedicada a la Prestaci\u00f3n de servicios auxiliares: control de accesos, porter\u00eda, atenci\u00f3n al p\u00fablico, limpieza de edificios, jardiner\u00eda, mantenimiento de piscinas. Comercializaci\u00f3n de equipamiento cl\u00ednico y hospitalario, expone en este documento su compromiso hacia la calidad, medio ambiente y seguridad y salud en el trabajo basado en los siguientes valores:<\/p>\n<p>\u00a0<\/p>\n<p><em><strong>PROFESIONALIDAD<\/strong><\/em><\/p>\n<ul>\n<li>Ofrecer un servicio de calidad con los profesionales mejor cualificados.<\/li>\n<li>Compromiso de mantener un equipo de profesionales que est\u00e9n informados y formados continuamente en el desempe\u00f1o de sus labores para poder ofrecer a nuestros clientes el mejor servicio.<\/li>\n<li>Cumplir con los requisitos legales que repercutan en la calidad del servicio prestado.<\/li>\n<\/ul>\n<p><em><strong>SERVICIO<\/strong><\/em><\/p>\n<ul>\n<li>Dirigir nuestros esfuerzos a una mejora continua de la calidad de nuestros servicios y de la eficacia de nuestros procesos, de tal forma que la capacidad de reacci\u00f3n de MUNDO GESTION DE SERVICIOS INTEGRADOS CEE, S.L. supere las expectativas de nuestros clientes m\u00e1s exigentes.<\/li>\n<li>Todos nuestros esfuerzos deben ir encaminados a cumplir los requisitos de nuestros clientes, convirtiendo estos en especificaciones de calidad de nuestros servicios.<\/li>\n<li>Trabajar con proveedores comprometidos con la mejora constante y que garanticen una calidad y\/o precios competitivos.<\/li>\n<\/ul>\n<p><em><strong>CONFIANZA<\/strong><\/em><\/p>\n<ul>\n<li>Orientaci\u00f3n al cliente, para aportarle soluciones a sus necesidades espec\u00edficas.<\/li>\n<li>Ofrecer a nuestros clientes un servicio que genere confianza y seriedad hacia nuestra Organizaci\u00f3n, para lograr relaciones duraderas en el tiempo.<\/li>\n<li>La calidad, la mejora continua de los procesos y hacer las cosas bien a la primera son las premisas b\u00e1sicas de nuestra empresa.<\/li>\n<\/ul>\n<p><em><strong>MEDIO AMBIENTE Y SST<\/strong><\/em><\/p>\n<ul>\n<li>Cumplir con la legislaci\u00f3n y reglamentaci\u00f3n vigente que nos afecte, as\u00ed como con otros posibles compromisos que nuestra organizaci\u00f3n suscriba.<\/li>\n<li>Involucrar a todos los miembros de la organizaci\u00f3n en el desarrollo y mejora continua de nuestro Sistema, fomentando la prevenci\u00f3n de riesgos y la protecci\u00f3n del medio ambiente.<\/li>\n<li>Informar, Formar, capacitar y sensibilizar a nuestros trabajadores, para que junto con los medios tecnol\u00f3gicos apropiados aseguren la calidad uniforme de nuestros servicios, mientras realizan un trabajo responsable con el medio ambiente y en que su seguridad y salud est\u00e1n garantizadas reduciendo el peligro y los riesgos para la SST.<\/li>\n<li>Conocer las expectativas medio ambientales y de seguridad y salud de nuestros clientes y del resto de partes interesadas, as\u00ed como tomar las medidas oportunas para alcanzar la plena satisfacci\u00f3n de estos con nuestro trabajo, y hacerles part\u00edcipes de nuestro compromiso ambiental y de SST<\/li>\n<li>Trabajar con proveedores y subcontratistas comprometidos y transmitir e implicarles en compromisos ambientales y de seguridad.<\/li>\n<li>Fijar objetivos y desplegarlos a todos los niveles de la empresa.<\/li>\n<li>Aplicar un Sistema de Gesti\u00f3n ambiental que planifique, aplique, controle y analice las actuaciones ambientales durante el desarrollo de nuestros servicios, con el fin de prevenir la contaminaci\u00f3n.<\/li>\n<li>Identificar de forma continua los impactos ambientales generados por la actividad de la empresa.<\/li>\n<li>Integrar la actividad preventiva en todas las \u00e1reas y actividades de la organizaci\u00f3n, mediante la definici\u00f3n de funciones y responsabilidades.<\/li>\n<li>Garantizar la participaci\u00f3n de todos los trabajadores en la actividad preventiva.<\/li>\n<\/ul>\n<p><br \/>Estos compromisos generales de la organizaci\u00f3n se despliegan a trav\u00e9s de los programas de gesti\u00f3n de objetivos de la organizaci\u00f3n que se establecen peri\u00f3dicamente por la Direcci\u00f3n.<br \/>La Direcci\u00f3n asume las responsabilidades que esta pol\u00edtica implica y se compromete con la mejora continua en el que concurran la experiencia, iniciativa y el esfuerzo de todas las empresas y personas implicadas con la empresa.<\/p>\n<p><br \/><strong>En Murcia a 14 de diciembre de 2023.<\/strong><br \/><strong>Firmado Gerencia.<\/strong><\/p>\n<p>\u00a0<\/p>\n\t\t\t\t\t\t\t\t<\/div>\n\t\t\t\t<\/div>\n\t\t\t\t\t<\/div>\n\t\t<\/div>\n\t\t\t\t\t<\/div>\n\t\t<\/section>\n\t\t\t\t<\/div>\n\t\t","protected":false},"excerpt":{"rendered":"<p>POL\u00cdTICA DE CALIDAD, MEDIO AMBIENTE Y SEGURIDAD Y SALUD EN EL TRABAJO MUNDO GESTI\u00d3N DE SERVICIOS INTEGRADOS CEE, S.L. La direcci\u00f3n de MUNDO GESTION DE SERVICIOS INTEGRADOS CEE, S.L., empresa dedicada a la Prestaci\u00f3n de servicios auxiliares: control de accesos, porter\u00eda, atenci\u00f3n al p\u00fablico, limpieza de edificios, jardiner\u00eda, mantenimiento de piscinas. Comercializaci\u00f3n de equipamiento cl\u00ednico&hellip;<\/p>\n","protected":false},"author":1,"featured_media":0,"parent":0,"menu_order":0,"comment_status":"closed","ping_status":"closed","template":"","meta":{"footnotes":""},"class_list":["post-3","page","type-page","status-publish","hentry"],"_links":{"self":[{"href":"https:\/\/www.mundogestioncee.com\/index.php\/wp-json\/wp\/v2\/pages\/3","targetHints":{"allow":["GET"]}}],"collection":[{"href":"https:\/\/www.mundogestioncee.com\/index.php\/wp-json\/wp\/v2\/pages"}],"about":[{"href":"https:\/\/www.mundogestioncee.com\/index.php\/wp-json\/wp\/v2\/types\/page"}],"author":[{"embeddable":true,"href":"https:\/\/www.mundogestioncee.com\/index.php\/wp-json\/wp\/v2\/users\/1"}],"replies":[{"embeddable":true,"href":"https:\/\/www.mundogestioncee.com\/index.php\/wp-json\/wp\/v2\/comments?post=3"}],"version-history":[{"count":4,"href":"https:\/\/www.mundogestioncee.com\/index.php\/wp-json\/wp\/v2\/pages\/3\/revisions"}],"predecessor-version":[{"id":6358,"href":"https:\/\/www.mundogestioncee.com\/index.php\/wp-json\/wp\/v2\/pages\/3\/revisions\/6358"}],"wp:attachment":[{"href":"https:\/\/www.mundogestioncee.com\/index.php\/wp-json\/wp\/v2\/media?parent=3"}],"curies":[{"name":"wp","href":"https:\/\/api.w.org\/{rel}","templated":true}]}}