{"id":6353,"date":"2024-03-04T12:54:36","date_gmt":"2024-03-04T12:54:36","guid":{"rendered":"https:\/\/www.mundogestioncee.com\/?page_id=6353"},"modified":"2026-02-02T10:20:50","modified_gmt":"2026-02-02T10:20:50","slug":"politica-cookies","status":"publish","type":"page","link":"https:\/\/www.mundogestioncee.com\/index.php\/politica-cookies\/","title":{"rendered":"Pol\u00edtica de Cookies"},"content":{"rendered":"\t\t<div data-elementor-type=\"wp-page\" data-elementor-id=\"6353\" class=\"elementor elementor-6353\" data-elementor-post-type=\"page\">\n\t\t\t\t\t\t<section class=\"elementor-section elementor-top-section elementor-element elementor-element-387e652 elementor-section-boxed elementor-section-height-default elementor-section-height-default\" data-id=\"387e652\" data-element_type=\"section\" data-e-type=\"section\">\n\t\t\t\t\t\t<div class=\"elementor-container elementor-column-gap-default\">\n\t\t\t\t\t<div class=\"elementor-column elementor-col-100 elementor-top-column elementor-element elementor-element-01cb089\" data-id=\"01cb089\" data-element_type=\"column\" data-e-type=\"column\">\n\t\t\t<div class=\"elementor-widget-wrap elementor-element-populated\">\n\t\t\t\t\t\t<div class=\"elementor-element elementor-element-5925a41 elementor-widget elementor-widget-html\" data-id=\"5925a41\" data-element_type=\"widget\" data-e-type=\"widget\" data-widget_type=\"html.default\">\n\t\t\t\t<div class=\"elementor-widget-container\">\n\t\t\t\t\t<h2 style=\"text-align:center;margin-bottom:20px\">POL\u00cdTICA DE COOKIES<\/h2>\n<p style=\"text-align: center;\"><strong>INFORMACI\u00d3N SOBRE COOKIES<\/strong><\/p>\n\n<p style=\"text-align: justify;\">Debido a la entrada en vigor de la modificaci\u00f3n de la Ley 34\/2002 (LSSICE) establecida por el Real Decreto 13\/2012, es obligaci\u00f3n obtener el consentimiento expreso del usuario de todas las p\u00e1ginas web que usan cookies prescindibles, antes de que \u00e9ste navegue por ellas.<\/p>\n\n<p style=\"text-align: center;\"><strong>\u00bfQU\u00c9 SON LAS COOKIES?<\/strong><\/p>\n\n<p style=\"text-align: justify;\">Las cookies y otras tecnolog\u00edas similares tales como local shared objects, flash cookies o p\u00edxeles, son herramientas empleadas por los servidores Web para almacenar y recuperar informaci\u00f3n acerca de sus visitantes, as\u00ed como para ofrecer un correcto funcionamiento del sitio.<\/p>\n\n<p style=\"text-align: justify;\">Mediante el uso de estos dispositivos se permite al servidor Web recordar algunos datos concernientes al usuario, como sus preferencias para la visualizaci\u00f3n de las p\u00e1ginas de ese servidor, nombre y contrase\u00f1a, productos que m\u00e1s le interesan, etc.<\/p>\n\n<p style=\"text-align: center;\"><strong>COOKIES AFECTADAS POR LA NORMATIVA Y COOKIES EXCEPTUADAS<\/strong><\/p>\n\n<p style=\"text-align: justify;\">Seg\u00fan la directiva de la UE, las cookies que requieren el consentimiento informado por parte del usuario son las cookies de anal\u00edtica y las de publicidad y afiliaci\u00f3n, quedando exceptuadas las de car\u00e1cter t\u00e9cnico y las necesarias para el funcionamiento del sitio web o la prestaci\u00f3n de servicios expresamente solicitados por el usuario.<\/p>\n\n<p style=\"text-align: center;\"><strong>\u00bfQU\u00c9 TIPOS DE COOKIES EXISTEN?<\/strong><\/p>\n\n<p style=\"text-align: justify;\">Sobre los tipos de cookies, existen cinco grandes grupos:<\/p>\n<ul>\n  <li style=\"text-align: justify;\">Cookies anal\u00edticas: recogen informaci\u00f3n del uso que se realiza del sitio web.<\/li>\n  <li style=\"text-align: justify;\">Cookies sociales: son aquellas necesarias para redes sociales externas.<\/li>\n  <li style=\"text-align: justify;\">Cookies de afiliados: permiten hacer un seguimiento de las visitas procedentes de otras webs con las que el sitio web establece un contrato de afiliaci\u00f3n.<\/li>\n  <li style=\"text-align: justify;\">Cookies de publicidad y comportamentales: recogen informaci\u00f3n sobre las preferencias y elecciones personales del usuario (retargeting).<\/li>\n  <li style=\"text-align: justify;\">Cookies t\u00e9cnicas y funcionales: son las estrictamente necesarias para el uso del sitio web y para la prestaci\u00f3n del servicio contratado.<\/li>\n<\/ul>\n\n<p style=\"text-align: center;\"><strong>COOKIES QUE SE UTILIZAN EN ESTE SITIO WEB<\/strong><\/p>\n\n<p style=\"text-align: justify;\">Este sitio web utiliza o puede utilizar uno o varios de estos tipos de cookies:<\/p>\n\n<ul>\n  <li style=\"text-align: justify;\"><strong>PHPSESSID<\/strong>: cookie t\u00e9cnica y estrictamente necesaria que contiene el identificador de la sesi\u00f3n. Se elimina al cerrar el navegador.<\/li>\n  <li style=\"text-align: justify;\"><strong>_lang<\/strong>: cookie t\u00e9cnica y estrictamente necesaria que contiene el idioma de la sesi\u00f3n. Se elimina al cerrar el navegador.<\/li>\n  <li style=\"text-align: justify;\"><strong>ac_cookies<\/strong>: cookie t\u00e9cnica y estrictamente necesaria que contiene el valor de si se ha aceptado la instalaci\u00f3n de cookies. Caduca en 1 a\u00f1o desde la \u00faltima actualizaci\u00f3n.<\/li>\n\n  <li style=\"text-align: justify;\"><strong>_ga<\/strong>: cookie de Google Analytics que habilita la funci\u00f3n de control de visitas \u00fanicas. Caduca a los 2 a\u00f1os desde la \u00faltima actualizaci\u00f3n.<\/li>\n  <li style=\"text-align: justify;\"><strong>_gat<\/strong>: cookie asociada a Google Analytics Universal. Se utiliza para limitar la velocidad de petici\u00f3n. Caduca a los 10 minutos.<\/li>\n  <li style=\"text-align: justify;\"><strong>_utma<\/strong>: cookie de Google Analytics que registra la fecha de la primera y \u00faltima vez que el usuario visit\u00f3 el sitio web. Caduca a los 2 a\u00f1os desde la \u00faltima actualizaci\u00f3n.<\/li>\n  <li style=\"text-align: justify;\"><strong>_utmb<\/strong>: cookie de Google Analytics que registra la hora de llegada a la p\u00e1gina web. Caduca a los 30 minutos desde la \u00faltima actualizaci\u00f3n.<\/li>\n  <li style=\"text-align: justify;\"><strong>_utmc<\/strong>: cookie de Google Analytics utilizada para interoperabilidad con urchin.js. Se elimina al cerrar el navegador.<\/li>\n  <li style=\"text-align: justify;\"><strong>_utmt<\/strong>: cookie de Google Analytics utilizada para procesar el tipo de solicitud pedida por el usuario. Caduca al finalizar la sesi\u00f3n.<\/li>\n  <li style=\"text-align: justify;\"><strong>_utmv<\/strong>: cookie de Google Analytics utilizada para segmentar datos demogr\u00e1ficos. Caduca al finalizar la sesi\u00f3n.<\/li>\n  <li style=\"text-align: justify;\"><strong>_utmz<\/strong>: cookie de Google Analytics que almacena la fuente de tr\u00e1fico o una campa\u00f1a. Caduca a los 6 meses desde la \u00faltima actualizaci\u00f3n.<\/li>\n<\/ul>\n\n<p style=\"text-align: justify;\"><strong>REVOCACI\u00d3N DEL CONSENTIMIENTO PARA INSTALAR COOKIES<\/strong><\/p>\n<p style=\"text-align: justify;\">El usuario puede retirar su consentimiento en cualquier momento desde la configuraci\u00f3n del banner\/panel de cookies (si est\u00e1 habilitado) o eliminando las cookies de su navegador. La retirada del consentimiento no afecta a la licitud del tratamiento basado en el consentimiento previo a su retirada.<\/p>\n\n<p style=\"text-align: justify;\"><strong>TRATAMIENTO DE DATOS PERSONALES<\/strong><\/p>\n\n<p style=\"text-align: justify;\"><strong>MUNDO GESTION CEE SL<\/strong> es el Responsable del tratamiento de los datos personales del Interesado y le informa de que estos datos ser\u00e1n tratados de conformidad con lo dispuesto en el Reglamento (UE) 2016\/679 (RGPD), por lo que se le facilita la siguiente informaci\u00f3n del tratamiento:<\/p>\n\n<p style=\"text-align: justify;\"><strong>Fines del tratamiento:<\/strong> seg\u00fan se especifica en el apartado de cookies que se utilizan en este sitio web.<\/p>\n<p style=\"text-align: justify;\"><strong>Legitimaci\u00f3n del tratamiento:<\/strong> salvo en los casos en los que resulte necesario para la navegaci\u00f3n por la web, por consentimiento del interesado (art. 6.1.a RGPD).<\/p>\n<p style=\"text-align: justify;\"><strong>Criterios de conservaci\u00f3n de los datos:<\/strong> seg\u00fan se especifica en el apartado de cookies utilizadas en la web.<\/p>\n<p style=\"text-align: justify;\"><strong>Comunicaci\u00f3n de los datos:<\/strong> no se comunicar\u00e1n los datos a terceros, excepto en cookies propiedad de terceros o por obligaci\u00f3n legal.<\/p>\n\n<p style=\"text-align: justify;\"><strong>Derechos que asisten al Interesado:<\/strong><\/p>\n<ul>\n  <li style=\"text-align: justify;\">Derecho a retirar el consentimiento en cualquier momento.<\/li>\n  <li style=\"text-align: justify;\">Derecho de acceso, rectificaci\u00f3n, portabilidad y supresi\u00f3n de sus datos, y de limitaci\u00f3n u oposici\u00f3n a su tratamiento.<\/li>\n  <li style=\"text-align: justify;\">Derecho a presentar una reclamaci\u00f3n ante la Autoridad de control (www.aepd.es) si considera que el tratamiento no se ajusta a la normativa vigente.<\/li>\n<\/ul>\n\n<p style=\"text-align: justify;\"><strong>Datos de contacto para ejercer sus derechos:<\/strong><br \/>\nMUNDO GESTION CEE SL. C\/Central 10, 8A \u2013 30100 Espinardo (Murcia).<br \/>\nEmail: mundogestion@mundogestioncee.com<\/p>\n\n<p style=\"text-align: justify;\"><strong>COMO ELIMINAR LAS COOKIES DEL NAVEGADOR<\/strong><\/p>\n\n<p style=\"text-align: justify;\"><strong>Chrome<\/strong><br \/>\n1. Selecciona el icono de Herramientas<br \/>\n2. Haz clic en Configuraci\u00f3n<br \/>\n3. Haz clic en Mostrar Opciones Avanzadas<br \/>\n4. En la secci\u00f3n \u201cPrivacidad\u201d haz clic en Configuraci\u00f3n de contenido<br \/>\n&nbsp;&nbsp;&nbsp;- Eliminar cookies: Haz clic en \u201cTodas las cookies y los datos de sitios\u2026\u201d<br \/>\n&nbsp;&nbsp;&nbsp;- No permitir que se almacenen cookies<br \/>\n5. Haz clic en Eliminar datos de navegaci\u00f3n (vaciar la Cach\u00e9)<br \/>\n6. Cierra y reinicia el navegador<br \/>\nPara m\u00e1s informaci\u00f3n: http:\/\/support.google.com\/chrome\/answer\/95647?hl=es<\/p>\n\n<p style=\"text-align: justify;\"><strong>Internet Explorer (versi\u00f3n 11)<\/strong><br \/>\n1. Selecciona Herramientas | Opciones de Internet<br \/>\n2. Haz clic en la ficha General<br \/>\n3. En \u201cHistorial de exploraci\u00f3n\u201d, haz clic en \u201cEliminar el historial de exploraci\u00f3n al salir\u201d<br \/>\n4. Seleccionar \u201cEliminar archivos\u201d<br \/>\n5. Seleccionar \u201cEliminar cookies\u201d<br \/>\n6. Haz clic en Eliminar<br \/>\n7. Haz clic en Aceptar<br \/>\n8. Cierra y reinicia el navegador<br \/>\nPara m\u00e1s informaci\u00f3n: https:\/\/support.microsoft.com\/es-es\/help\/278835\/how-to-delete-cookie-files-in-internet-explorer<\/p>\n\n<p style=\"text-align: justify;\"><strong>Firefox<\/strong><br \/>\n1. Selecciona Firefox | Historial | Limpiar el historial reciente<br \/>\n2. En \u201cDetalles\u201d, despliega y selecciona: Cookies, Cach\u00e9, Inicios de sesi\u00f3n activos<br \/>\n3. En \u201cIntervalo de tiempo para borrar\u201d, selecciona \u201cTodo\u201d<br \/>\n4. Haz clic en \u201cBorrar ahora\u201d<br \/>\n5. Cierra y reinicia el navegador<br \/>\nPara m\u00e1s informaci\u00f3n: https:\/\/www.mozilla.org\/es-ES\/privacy\/websites\/#cookies<\/p>\n\n<p style=\"text-align: justify;\"><strong>Safari<\/strong><br \/>\n1. Selecciona Safari \/ Editar | Restaurar Safari<br \/>\n2. Selecciona: Borrar el historial, Eliminar todos los datos de sitio web<br \/>\n3. Haz clic en Restablecer<br \/>\n4. Cierra y reinicia el navegador<br \/>\nPara m\u00e1s informaci\u00f3n: https:\/\/www.apple.com\/legal\/privacy\/en-ww\/cookies\/<\/p>\n\n<p style=\"text-align: justify;\"><strong>Opera<\/strong><br \/>\nOpciones \u2013 Avanzado \u2013 Cookies. Las opciones de cookies controlan el modo en que Opera las maneja y por lo tanto su aceptaci\u00f3n o rechazo.<br \/>\nPara m\u00e1s informaci\u00f3n: https:\/\/help.opera.com\/en\/latest\/security-and-privacy\/#clearBrowsingData<\/p>\n\n<p style=\"text-align: justify;\"><strong>Otros navegadores<\/strong><br \/>\nConsulte la documentaci\u00f3n del navegador que tenga instalado.<\/p>\n\t\t\t\t<\/div>\n\t\t\t\t<\/div>\n\t\t\t\t\t<\/div>\n\t\t<\/div>\n\t\t\t\t\t<\/div>\n\t\t<\/section>\n\t\t\t\t<\/div>\n\t\t","protected":false},"excerpt":{"rendered":"<p>POL\u00cdTICA DE COOKIES INFORMACI\u00d3N SOBRE COOKIES Debido a la entrada en vigor de la modificaci\u00f3n de la Ley 34\/2002 (LSSICE) establecida por el Real Decreto 13\/2012, es obligaci\u00f3n obtener el consentimiento expreso del usuario de todas las p\u00e1ginas web que usan cookies prescindibles, antes de que \u00e9ste navegue por ellas. \u00bfQU\u00c9 SON LAS COOKIES? Las&hellip;<\/p>\n","protected":false},"author":1,"featured_media":0,"parent":0,"menu_order":0,"comment_status":"closed","ping_status":"closed","template":"","meta":{"footnotes":""},"class_list":["post-6353","page","type-page","status-publish","hentry"],"_links":{"self":[{"href":"https:\/\/www.mundogestioncee.com\/index.php\/wp-json\/wp\/v2\/pages\/6353","targetHints":{"allow":["GET"]}}],"collection":[{"href":"https:\/\/www.mundogestioncee.com\/index.php\/wp-json\/wp\/v2\/pages"}],"about":[{"href":"https:\/\/www.mundogestioncee.com\/index.php\/wp-json\/wp\/v2\/types\/page"}],"author":[{"embeddable":true,"href":"https:\/\/www.mundogestioncee.com\/index.php\/wp-json\/wp\/v2\/users\/1"}],"replies":[{"embeddable":true,"href":"https:\/\/www.mundogestioncee.com\/index.php\/wp-json\/wp\/v2\/comments?post=6353"}],"version-history":[{"count":7,"href":"https:\/\/www.mundogestioncee.com\/index.php\/wp-json\/wp\/v2\/pages\/6353\/revisions"}],"predecessor-version":[{"id":6469,"href":"https:\/\/www.mundogestioncee.com\/index.php\/wp-json\/wp\/v2\/pages\/6353\/revisions\/6469"}],"wp:attachment":[{"href":"https:\/\/www.mundogestioncee.com\/index.php\/wp-json\/wp\/v2\/media?parent=6353"}],"curies":[{"name":"wp","href":"https:\/\/api.w.org\/{rel}","templated":true}]}}